[INFO] cloning repository https://github.com/TylerAdamMartinez/fsrep
[INFO] running `Command { std: "git" "-c" "credential.helper=" "-c" "credential.helper=/workspace/cargo-home/bin/git-credential-null" "clone" "--bare" "https://github.com/TylerAdamMartinez/fsrep" "/workspace/cache/git-repos/https%3A%2F%2Fgithub.com%2FTylerAdamMartinez%2Ffsrep", kill_on_drop: false }`
[INFO] [stderr] Cloning into bare repository '/workspace/cache/git-repos/https%3A%2F%2Fgithub.com%2FTylerAdamMartinez%2Ffsrep'...
[INFO] running `Command { std: "git" "rev-parse" "HEAD", kill_on_drop: false }`
[INFO] [stdout] c54ef0c3c9d8818981f47f2dd87340893e25ac2a
[INFO] checking TylerAdamMartinez/fsrep against master#9610dfe5a9a731ced1ea4923ecbd0c57fe367898 for beta-170-4
[INFO] running `Command { std: "git" "clone" "/workspace/cache/git-repos/https%3A%2F%2Fgithub.com%2FTylerAdamMartinez%2Ffsrep" "/workspace/builds/worker-1-tc1/source", kill_on_drop: false }`
[INFO] [stderr] Cloning into '/workspace/builds/worker-1-tc1/source'...
[INFO] [stderr] done.
[INFO] validating manifest of git repo https://github.com/TylerAdamMartinez/fsrep on toolchain 9610dfe5a9a731ced1ea4923ecbd0c57fe367898
[INFO] running `Command { std: CARGO_HOME="/workspace/cargo-home" RUSTUP_HOME="/workspace/rustup-home" "/workspace/cargo-home/bin/cargo" "+9610dfe5a9a731ced1ea4923ecbd0c57fe367898" "metadata" "--manifest-path" "Cargo.toml" "--no-deps", kill_on_drop: false }`
[INFO] started tweaking git repo https://github.com/TylerAdamMartinez/fsrep
[INFO] finished tweaking git repo https://github.com/TylerAdamMartinez/fsrep
[INFO] tweaked toml for git repo https://github.com/TylerAdamMartinez/fsrep written to /workspace/builds/worker-1-tc1/source/Cargo.toml
[INFO] crate git repo https://github.com/TylerAdamMartinez/fsrep already has a lockfile, it will not be regenerated
[INFO] running `Command { std: CARGO_HOME="/workspace/cargo-home" RUSTUP_HOME="/workspace/rustup-home" "/workspace/cargo-home/bin/cargo" "+9610dfe5a9a731ced1ea4923ecbd0c57fe367898" "fetch" "--manifest-path" "Cargo.toml", kill_on_drop: false }`
[INFO] running `Command { std: "docker" "create" "-v" "/var/lib/crater-agent-workspace/builds/worker-1-tc1/target:/opt/rustwide/target:rw,Z" "-v" "/var/lib/crater-agent-workspace/builds/worker-1-tc1/source:/opt/rustwide/workdir:ro,Z" "-v" "/var/lib/crater-agent-workspace/cargo-home:/opt/rustwide/cargo-home:ro,Z" "-v" "/var/lib/crater-agent-workspace/rustup-home:/opt/rustwide/rustup-home:ro,Z" "-e" "SOURCE_DIR=/opt/rustwide/workdir" "-e" "CARGO_TARGET_DIR=/opt/rustwide/target" "-e" "CARGO_HOME=/opt/rustwide/cargo-home" "-e" "RUSTUP_HOME=/opt/rustwide/rustup-home" "-w" "/opt/rustwide/workdir" "-m" "1610612736" "--user" "0:0" "--network" "none" "ghcr.io/rust-lang/crates-build-env/linux@sha256:19e73879b68f455e41552ea35293514db52ea292d993f571636dbffedb77a1ee" "/opt/rustwide/cargo-home/bin/cargo" "+9610dfe5a9a731ced1ea4923ecbd0c57fe367898" "metadata" "--no-deps" "--format-version=1", kill_on_drop: false }`
[INFO] [stdout] 865d818af4ca5f6c4850792665b4888ab45f1341ecdba7b672989115effe8ea9
[INFO] running `Command { std: "docker" "start" "-a" "865d818af4ca5f6c4850792665b4888ab45f1341ecdba7b672989115effe8ea9", kill_on_drop: false }`
[INFO] running `Command { std: "docker" "inspect" "865d818af4ca5f6c4850792665b4888ab45f1341ecdba7b672989115effe8ea9", kill_on_drop: false }`
[INFO] running `Command { std: "docker" "rm" "-f" "865d818af4ca5f6c4850792665b4888ab45f1341ecdba7b672989115effe8ea9", kill_on_drop: false }`
[INFO] [stdout] 865d818af4ca5f6c4850792665b4888ab45f1341ecdba7b672989115effe8ea9
[INFO] running `Command { std: "docker" "create" "-v" "/var/lib/crater-agent-workspace/builds/worker-1-tc1/target:/opt/rustwide/target:rw,Z" "-v" "/var/lib/crater-agent-workspace/builds/worker-1-tc1/source:/opt/rustwide/workdir:ro,Z" "-v" "/var/lib/crater-agent-workspace/cargo-home:/opt/rustwide/cargo-home:ro,Z" "-v" "/var/lib/crater-agent-workspace/rustup-home:/opt/rustwide/rustup-home:ro,Z" "-e" "SOURCE_DIR=/opt/rustwide/workdir" "-e" "CARGO_TARGET_DIR=/opt/rustwide/target" "-e" "CARGO_INCREMENTAL=0" "-e" "RUST_BACKTRACE=full" "-e" "RUSTFLAGS=--cap-lints=forbid" "-e" "RUSTDOCFLAGS=--cap-lints=forbid" "-e" "CARGO_HOME=/opt/rustwide/cargo-home" "-e" "RUSTUP_HOME=/opt/rustwide/rustup-home" "-w" "/opt/rustwide/workdir" "-m" "1610612736" "--user" "0:0" "--network" "none" "ghcr.io/rust-lang/crates-build-env/linux@sha256:19e73879b68f455e41552ea35293514db52ea292d993f571636dbffedb77a1ee" "/opt/rustwide/cargo-home/bin/cargo" "+9610dfe5a9a731ced1ea4923ecbd0c57fe367898" "check" "--frozen" "--all" "--all-targets" "--message-format=json", kill_on_drop: false }`
[INFO] [stdout] 5dd68e7c018f6c85c6caf44c1f5ef7b781f01d21cc3ca3eb10f38da276321b88
[INFO] running `Command { std: "docker" "start" "-a" "5dd68e7c018f6c85c6caf44c1f5ef7b781f01d21cc3ca3eb10f38da276321b88", kill_on_drop: false }`
[INFO] [stderr]    Compiling libc v0.2.119
[INFO] [stderr]     Checking regex v1.5.5
[INFO] [stderr]     Checking atty v0.2.14
[INFO] [stderr]     Checking colored v2.0.0
[INFO] [stderr]     Checking fsrep v0.2.0 (/opt/rustwide/workdir)
[INFO] [stdout] error[E0308]: mismatched types
[INFO] [stdout]    --> src/lib.rs:194:31
[INFO] [stdout]     |
[INFO] [stdout] 194 |                 line_content: "Black"
[INFO] [stdout]     |                               ^^^^^^^- help: try using a conversion method: `.to_string()`
[INFO] [stdout]     |                               |
[INFO] [stdout]     |                               expected `String`, found `&str`
[INFO] [stdout] 
[INFO] [stdout] 
[INFO] [stdout] error[E0308]: mismatched types
[INFO] [stdout]    --> src/lib.rs:196:28
[INFO] [stdout]     |
[INFO] [stdout] 196 |             search(&query, &contents)
[INFO] [stdout]     |             ------         ^^^^^^^^^ expected `String`, found `&&str`
[INFO] [stdout]     |             |
[INFO] [stdout]     |             arguments to this function are incorrect
[INFO] [stdout]     |
[INFO] [stdout] note: function defined here
[INFO] [stdout]    --> src/lib.rs:90:4
[INFO] [stdout]     |
[INFO] [stdout] 90  | fn search<'a>(regex_query_expression: &Regex, file_contents: String) -> Vec<SearchResults> {
[INFO] [stdout]     |    ^^^^^^                                     ---------------------
[INFO] [stdout] help: try using a conversion method
[INFO] [stdout]     |
[INFO] [stdout] 196 |             search(&query, (&contents).to_string())
[INFO] [stdout]     |                            +         +++++++++++++
[INFO] [stdout] 
[INFO] [stdout] 
[INFO] [stdout] error[E0308]: mismatched types
[INFO] [stdout]    --> src/lib.rs:221:31
[INFO] [stdout]     |
[INFO] [stdout] 221 |                 line_content: "            Orochimaru"
[INFO] [stdout]     |                               ^^^^^^^^^^^^^^^^^^^^^^^^- help: try using a conversion method: `.to_string()`
[INFO] [stdout]     |                               |
[INFO] [stdout]     |                               expected `String`, found `&str`
[INFO] [stdout] 
[INFO] [stdout] 
[INFO] [stdout] error[E0308]: mismatched types
[INFO] [stdout]    --> src/lib.rs:223:28
[INFO] [stdout]     |
[INFO] [stdout] 223 |             search(&query, &contents)
[INFO] [stdout]     |             ------         ^^^^^^^^^ expected `String`, found `&&str`
[INFO] [stdout]     |             |
[INFO] [stdout]     |             arguments to this function are incorrect
[INFO] [stdout]     |
[INFO] [stdout] note: function defined here
[INFO] [stdout]    --> src/lib.rs:90:4
[INFO] [stdout]     |
[INFO] [stdout] 90  | fn search<'a>(regex_query_expression: &Regex, file_contents: String) -> Vec<SearchResults> {
[INFO] [stdout]     |    ^^^^^^                                     ---------------------
[INFO] [stdout] help: try using a conversion method
[INFO] [stdout]     |
[INFO] [stdout] 223 |             search(&query, (&contents).to_string())
[INFO] [stdout]     |                            +         +++++++++++++
[INFO] [stdout] 
[INFO] [stdout] 
[INFO] [stdout] error: aborting due to 4 previous errors
[INFO] [stdout] 
[INFO] [stdout] 
[INFO] [stdout] For more information about this error, try `rustc --explain E0308`.
[INFO] [stdout] 
[INFO] [stderr] error: could not compile `fsrep` (lib test) due to 5 previous errors
[INFO] [stderr] warning: build failed, waiting for other jobs to finish...
[INFO] running `Command { std: "docker" "inspect" "5dd68e7c018f6c85c6caf44c1f5ef7b781f01d21cc3ca3eb10f38da276321b88", kill_on_drop: false }`
[INFO] running `Command { std: "docker" "rm" "-f" "5dd68e7c018f6c85c6caf44c1f5ef7b781f01d21cc3ca3eb10f38da276321b88", kill_on_drop: false }`
[INFO] [stdout] 5dd68e7c018f6c85c6caf44c1f5ef7b781f01d21cc3ca3eb10f38da276321b88
